he prime factors of 10778283.
3, 23, 52069
What are the prime factors of 23532540?
2, 3, 5, 392209
What are the prime factors of 2504914?
2, 1252457
What are the prime factors of 1006334?
2, 7, 71881
List the prime factors of 259693.
7, 23, 1613
What are the prime factors of 7114066?
2, 31, 114743
What are the prime factors of 3790765?
5, 11, 157, 439
What are the prime factors of 1041847?
43, 24229
List the prime factors of 131527.
11, 1087
What are the prime factors of 282867?
3, 13, 7253
What are the prime factors of 1163102?
2, 581551
List the prime factors of 2246130.
2, 3, 5, 47, 59
What are the prime factors of 213909?
3, 113, 631
What are the prime factors of 321462?
2, 3, 5953
List the prime factors of 3481788.
2, 3, 19, 15271
What are the prime factors of 107545?
5, 137, 157
List the prime factors of 456720.
2, 3, 5, 11, 173
What are the prime factors of 148501?
148501
What are the prime factors of 680571?
3, 75619
List the prime factors of 102184.
2, 53, 241
List the prime factors of 331488.
2, 3, 1151
List the prime factors of 23623643.
31, 762053
What are the prime factors of 397207?
89, 4463
What are the prime factors of 1861380?
2, 3, 5, 383
What are the prime factors of 586344?
2, 3, 11, 2221
What are the prime factors of 23455352?
2, 2931919
What are the prime factors of 11971406?
2, 19, 315037
List the prime factors of 37688115.
3, 5, 19, 223, 593
What are the prime factors of 206681?
41, 71
List the prime factors of 22922375.
5, 7, 17, 23, 67
List the prime factors of 324051.
3, 7, 13, 1187
What are the prime factors of 1509566?
2, 17, 29, 1531
What are the prime factors of 10730502?
2, 3, 17, 11689
What are the prime factors of 5134556?
2, 7, 183377
What are the prime factors of 184168?
2, 23021
What are the prime factors of 1257774?
2, 3, 7, 29947
List the prime factors of 9525491.
17, 59, 9497
List the prime factors of 2967761.
193, 15377
What are the prime factors of 2567370?
2, 3, 5, 13, 29, 227
List the prime factors of 9809970.
2, 3, 5, 326999
List the prime factors of 9064713.
3, 7, 149, 2897
List the prime factors of 3811472.
2, 7, 34031
List the prime factors of 1884432.
2, 3, 11, 43, 83
List the prime factors of 1643797.
1643797
What are the prime factors of 1213197?
3, 404399
What are the prime factors of 784888?
2, 13, 7547
What are the prime factors of 239645?
5, 7, 41, 167
List the prime factors of 1367995.
5, 107, 2557
What are the prime factors of 1828894?
2, 17, 53791
List the prime factors of 1346363.
1346363
List the prime factors of 64851.
3, 21617
List the prime factors of 79812.
2, 3, 739
List the prime factors of 3262785.
3, 5, 217519
List the prime factors of 8526039.
3, 967, 2939
What are the prime factors of 134186?
2, 13, 397
List the prime factors of 256308.
2, 3, 13, 31, 53
What are the prime factors of 167666?
2, 83833
What are the prime factors of 8931603?
3, 743, 4007
What are the prime factors of 8023620?
2, 3, 5, 11, 12157
What are the prime factors of 8105382?
2, 3, 450299
List the prime factors of 1655639.
29, 37, 1543
List the prime factors of 2481294.
2, 3, 37, 11177
What are the prime factors of 2470521?
3, 137, 6011
What are the prime factors of 9671134?
2, 11, 37, 109
List the prime factors of 104919.
3, 41, 853
What are the prime factors of 638833?
13, 157, 313
What are the prime factors of 6484273?
41, 89, 1777
What are the prime factors of 407920?
2, 5, 5099
What are the prime factors of 973370?
2, 5, 19, 47, 109
List the prime factors of 25296939.
3, 157, 17903
What are the prime factors of 977599?
7, 71, 281
List the prime factors of 6320559.
3, 7, 19, 31, 73
List the prime factors of 8293816.
2, 223, 4649
What are the prime factors of 280964?
2, 70241
List the prime factors of 378468.
2, 3, 10513
What are the prime factors of 35404716?
2, 3, 2950393
List the prime factors of 239396.
2, 97, 617
What are the prime factors of 564145?
5, 17, 6637
What are the prime factors of 528380?
2, 5, 29, 911
What are the prime factors of 2268141?
3, 83, 9109
What are the prime factors of 617029?
7, 181, 487
List the prime factors of 3347317.
17, 196901
What are the prime factors of 668112?
2, 3, 31, 449
List the prime factors of 699359.
761, 919
What are the prime factors of 321593?
321593
List the prime factors of 12297083.
12297083
List the prime factors of 525009.
3, 175003
What are the prime factors of 917004?
2, 3, 11, 6947
What are the prime factors of 848304?
2, 3, 43, 137
List the prime factors of 1674869.
7, 19, 257
What are the prime factors of 12300629?
11, 751, 1489
What are the prime factors of 84057?
3, 28019
What are the prime factors of 1263035?
5, 252607
What are the prime factors of 6680767?
239, 27953
List the prime factors of 4274104.
2, 439, 1217
List the prime factors of 17231.
17231
What are the prime factors of 5492358?
2, 3, 305131
What are the prime factors of 2988956?
2, 747239
List the prime factors of 1747871.
41, 89, 479
What are the prime factors of 3435038?
2, 83, 20693
List the prime factors of 5131910.
2, 5, 7, 167, 439
List the prime factors of 243527.
243527
List the prime factors of 843063.
3, 13, 21617
List the prime factors of 587818.
2, 7, 11, 347
List the prime factors of 924687.
3, 127, 809
List the prime factors of 1123131.
3, 317, 1181
What are the prime factors of 10607868?
2, 3, 98221
List the prime factors of 676229.
19, 35591
What are the prime factors of 5714289?
3, 7, 90703
List the prime factors of 644354.
2, 107, 3011
List the prime factors of 3388449.
3, 53, 101, 211
What are the prime factors of 583619?
583619
What are the prime factors of 6014938?
2, 3007469
What are the prime factors of 199276?
2, 7, 11, 647
List the prime factors of 225019.
43, 5233
List the prime factors of 1237260.
2, 3, 5, 17, 1213
List the prime factors of 1659834.
2, 3, 11, 83, 101
List the prime factors of 10761396.
2, 3, 896783
List the prime factors of 13298563.
13298563
List the prime factors of 12998468.
2, 7, 109, 4259
What are the prime factors of 4295552?
2, 37, 907
What are the prime factors of 314999?
269, 1171
List the prime factors of 1853.
17, 109
List the prime factors of 280439.
23, 89, 137
What are the prime factors of 284898?
2, 3, 103, 461
List the prime factors of 127659.
3, 7, 6079
What are the prime factors of 682397?
17, 137, 293
What are the prime factors of 434113?
434113
List the prime factors of 25589040.
2, 3, 5, 106621
What are the prime factors of 611111?
611111
What are the prime factors of 4845641?
31, 67, 2333
List the prime factors of 363496.
2, 7, 6491
List the prime factors of 707732.
2, 176933
What are the prime factors of 11200041?
3, 197, 6317
What are the prime factors of 1720742?
2, 433, 1987
List the prime factors of 3099171.
3, 1033057
What are the prime factors of 2936720?
2, 5, 36709
List the prime factors of 56768.
2, 887
What are the prime factors of 197900?
2, 5, 1979
What are the prime factors of 1326894?
2, 3, 37, 43, 139
List the prime factors of 6088395.
3, 5, 405893
List the prime factors of 773705.
5, 271, 571
What are the prime factors of 1577368?
2, 13, 29, 523
What are the prime factors of 3723826?
2, 1861913
List the prime factors of 302429.
302429
What are the prime factors of 649336?
2, 23, 3529
List the prime factors of 758372.
2, 189593
List the prime factors of 115573.
47, 2459
List the prime factors of 4003.
4003
List the prime factors of 11099134.
2, 757, 7331
What are the prime factors of 2562092?
2, 13, 29, 1699
What are the prime factors of 15882908?
2, 41, 96847
What are the prime factors of 116197?
131, 887
List the prime factors of 20427936.
2, 3, 212791
List the prime factors of 429837.
3, 19, 7541
What are the prime factors of 806761?
806761
List the prime factors of 2705531.
2705531
List the prime factors of 17221613.
37, 67, 6947
List the prime factors of 117593.
7, 107, 157
What are the prime factors of 23364697?
419, 55763
What are the prime factors of 323200?
2, 5, 101
What are the prime factors of 3689371?
7, 527053
List the prime factors of 31268.
2, 7817
What are the prime factors of 648650?
2, 5, 12973
List the prime factors of 34693640.
2, 5, 79, 10979
What are the prime factors of 3618680?
2, 5, 13, 6959
What are the prime factors of 647425?
5, 19, 29, 47
What are the prime fact